e -t = 5*x + 4*t - 40, 3*x - 3*t = d. List the prime factors of x.
11
Let g be (-2 + 1)/(2/10). List the prime factors of (2 + g/2)*-46.
23
Suppose 0 = -4*n + 2*j + 86, n + j - 83 = -3*n. What are the prime factors of n?
3, 7
Suppose -5*t = -4*o + 286, 7*o - 2*o - 341 = -2*t. List the prime factors of o.
3, 23
Suppose -20 = -9*n + 4*n. What are the prime factors of n?
2
Let f(k) = -4*k - 10. Let o(g) = -17*g - 40. Let m(b) = 9*f(b) - 2*o(b). Let i be m(-8). Suppose i*u - 3*u - 18 = 0. What are the prime factors of u?
2, 3
Suppose 4*p = -p. Let a(c) = 6*c**2 + c - 1. Let s be a(1). Let v = s + p. What are the prime factors of v?
2, 3
Suppose 15 = 5*a, -2*d - 2*a + 26 = 3*d. Suppose -4*m + 6 = -2, 0 = d*o - m - 58. List the prime factors of o.
3, 5
Let i(c) = -c - 7. Let t be i(-7). Suppose -g + 6 - 9 = t. Let v(y) = -y**3 - y**2 + y - 1. What are the prime factors of v(g)?
2, 7
Suppose 0 = 2*x - x - 34. What are the prime factors of x?
2, 17
Suppose 11*c + h = 14*c - 1054, -5*c = -5*h - 1760. List the prime factors of c.
3, 13
Let r(q) = -6*q**2 + q - 3. Let o(u) = 5*u**2 - u + 4. Let l(y) = y**2 + 4*y - 7. Let f be l(-6). Let g(v) = f*o(v) + 4*r(v). List the prime factors of g(0).
2
Let h(b) = b**2 + 8*b + 22. What are the prime factors of h(-9)?
31
Let n = -1 - -6. Suppose 0*g + s - 41 = n*g, -5*g + 5*s - 45 = 0. What are the prime factors of (-39)/(-4) + (-2)/g?
2, 5
Suppose 4*h + 4 = 0, 4*m - m = h + 121. What are the prime factors of m?
2, 5
Let j = 1024 + -1722. What are the prime factors of (-4)/(-18) - j/18?
3, 13
Let s be -1*(2 - (4 - 2)). Suppose -k - 35 = -5*c + k, 4*c - 3*k - 28 = s. List the prime factors of c.
7
Let a(k) = -k**2 - 8*k - 9. Let c be a(-7). Let o(m) = 8*m**2 - m. Let s(l) = l**2 - l + 1. Let h(g) = o(g) - 2*s(g). What are the prime factors of h(c)?
2, 5
Suppose -152 - 156 = -14*t. What are the prime factors of t?
2, 11
Suppose 74 = 2*c - 0*c. Suppose -5*r + c = -3. What are the prime factors of -4 + 4/2 + r?
2, 3
Let v = -11 - -8. Suppose 4*k - 9 = -9*s + 4*s, 0 = -5*k + 5*s + 45. Let l = k + v. List the prime factors of l.
3
Let j be (-1)/(-3) - 12/(-18). Let n(p) = j - 6*p**2 - p**3 + 5 - 3 - 6*p + 1. What are the prime factors of n(-5)?
3
Suppose 0 = w + o + 4, w + 2*o = 3*w - 8. Suppose 4*y + 2*s - 100 = w, y + s - 23 = 4. What are the prime factors of y?
23
Let g = 1 - -4. Suppose t = -3*b + 8*b - 90, g*b + 5*t = 120. List the prime factors of b.
19
Let n be (7 - 1)*(2 + 0). Let k(v) = v**2 - 11*v - 14. Let o be k(n). List the prime factors of 20 + (o - (-8)/2).
2, 11
Suppose 0 = 2*i - 5*s + 10, 2*i - 3*i = 4*s - 8. Suppose i = 3*u - u - 4, 3*b + 3*u = 63. Let g = b - 10. What are the prime factors of g?
3
Suppose 65 = 4*s - 2*n - 55, 5*s = -n + 143. Let z = 0 + 0. Suppose z = 2*o + 5 - s. List the prime factors of o.
2, 3
Suppose 220 = 2*i - 5*k, -4*i - 4*k = -136 - 304. List the prime factors of i/7 - (-4)/14.
2
Let s(i) = 2*i + 30. Let r be s(-15). Suppose -4*a = 2*t + 10, t + a = 5*t - 25. Suppose 3*b + z + 3 - 38 = r, -2*b + 3*z = -t. What are the prime factors of b?
2, 5
Suppose 9*t + 44 = 13*t. What are the prime factors of t?
11
Let y(w) be the first derivative of w**3/3 + w**2 - 4*w - 6. Suppose -11 = 4*a - 3*o, -o - 19 = 5*a - 3*o. List the prime factors of y(a).
11
Suppose -5*t = -0*t - 10. Suppose 5*h + 7 = t, 4*o - 5*h - 85 = 0. Suppose -3*i + o = -16. What are the prime factors of i?
2, 3
Let k(j) = j**2 + 3*j - 4. What are the prime factors of k(-5)?
2, 3
What are the prime factors of 1 + -4 - 21/(-7) - -220?
2, 5, 11
Suppose 8 = 2*x - 3*x. Let a be (-12)/(-8)*x/(-6). What are the prime factors of 1 + 12/a - -1?
2
Suppose -16 + 4 = -3*s. Suppose z - 129 = -3*m - s*z, -m - 2*z = -42. What are the prime factors of m?
2, 3
Suppose 5*p = 3*r + 45, -p + 0*p + 3*r + 21 = 0. Suppose 5*v - 2*g - 200 = -7*g, 0 = -2*g - p. List the prime factors of v.
43
Let b(s) = 3*s - 1. Let n be b(1). Suppose t - f - n*f - 1 = 0, 2*t + 2*f - 2 = 0. Let q = t + 1. What are the prime factors of q?
2
Suppose 4*v - u - 41 + 11 = 0, 0 = -2*v - u + 12. Let s = v - 2. List the prime factors of s.
5
Let z = -178 + 267. What are the prime factors of z?
89
Suppose 4 = -2*c + 10. Suppose 0 = -4*d + 4, 30 = -a + 2*a + c*d. List the prime factors of a.
3
Let u be -1 + 1 - (-1 - 3). Let m = u - -7. Suppose 5 + m = n. What are the prime factors of n?
2
Suppose 0 = 4*l - 7*l - 18. Let b = l + 15. What are the prime factors of b?
3
Suppose 4 = -z - 2*z - 2*d, 2*d = -z - 8. Suppose -z*n + 50 = 2. List the prime factors of n.
2, 3
Let x = -8 - -10. Suppose -5*k - 11 = -3*n + 4, -29 = -x*n - 3*k. What are the prime factors of n?
2, 5
Suppose a - 7 = 14. Let z be (-9)/(-15) - a/(-15). Suppose z*n + 6 = 0, -3*b - 4*n + 18 = -0*n. What are the prime factors of b?
2, 5
Let j be (-20)/8*8/(-10). Suppose 0 = -5*w, -3*k - w + 27 = j*w. List the prime factors of k.
3
Suppose 0 = 3*l - 57 + 9. Suppose -p + l = 4. What are the prime factors of p?
2, 3
Suppose 5*l - 2*l - 246 = -3*c, -4*l + 373 = -5*c. Let o = l - 61. What are the prime factors of o?
2, 13
Let w be ((-2)/(-5))/((-1)/(-10)). Let o(t) = -t**2 + 6*t + 1 + w*t + 2. List the prime factors of o(10).
3
Let w = 74 + -51. List the prime factors of w.
23
Let t be ((-2)/4)/((-2)/(-24)). Let a(z) = -10*z**3 + 8*z**3 + z**3 + 8 - 6*z**2. List the prime factors of a(t).
2
Let f be ((-4)/(-6))/(2/(-6)). Let j = f + 9. What are the prime factors of j?
7
Suppose -3*u = -106 + 31. What are the prime factors of u?
5
Let x = 102 + -68. List the prime factors of x.
2, 17
Let h(b) = -b**3 - 13*b**2 - 14*b - 14. Let l be h(-12). Let y be ((-2)/5)/(1/(-25)). Suppose y = 2*p - l. What are the prime factors of p?
2, 5
Let m(b) = -b + 8. Let c be m(6). Suppose -2*j - 9 = -3*r + c, 0 = -3*j - 3. Suppose -r*w = 5*z - 41, -5*w = -3*z + 13 - 2. List the prime factors of z.
7
Suppose 168 = t - 3*k, -k - 750 = -5*t - 4*k. What are the prime factors of t?
3, 17
Let h(z) be the second derivative of z**4/12 + 7*z**3/6 - 2*z**2 + z. Let j be h(-8). Suppose 19 = -j*t + 5*t. What are the prime factors of t?
19
Suppose -5*f - 5*v + 65 = -30, -34 = -2*f - 4*v. Let g = -6 + f. List the prime factors of g.
3, 5
Suppose p + 5*h - 108 = 4*h, 0 = 5*p - 3*h - 508. List the prime factors of p.
2, 13
Let c(r) be the third derivative of r**4/8 - r**3/2 + 7*r**2. Suppose -t + 4*h = 13, 0 = -7*t + 2*t - 5*h + 35. What are the prime factors of c(t)?
2, 3
Let q = 4 + -2. Let v(d) = 3 - 4*d - 3 - q. What are the prime factors of v(-2)?
2, 3
Let c = -3 - -9. Let f = 11 - c. Let x(o) = o**3 - 6*o**2 + 5*o + 6. List the prime factors of x(f).
2, 3
Let r = -194 + 280. List the prime factors of r.
2, 43
Let x(z) = 2*z + 4. Let n(d) = -3*d - 9. Let v(o) = -3*n(o) - 5*x(o). Let a be v(5). Suppose 0 = -a*r - 8, -t = -0*t + 3*r. What are the prime factors of t?
2, 3
Suppose 4*u = 2*k - 10, 0 = k + u - 5*u - 5. Suppose k*y + 3*z = y + 52, -2*y - 5*z + 12 = 0. List the prime factors of y.
2
Let l be 4/22 + 31/11. Suppose 3*b = c - 27, 2*b + l = c + 7*b. List the prime factors of c.
2, 3
Let l = 7 - -4. Let i = 15 - l. List the prime factors of i.
2
What are the prime factors of (2817/(-27))/((-1)/3)?
313
Let z(a) = 4*a - 21. List the prime factors of z(16).
43
Let y = 111 + -57. List the prime factors of y.
2, 3
Suppose -4*o = -0*o. Suppose o = -3*t + 22 + 14. Suppose -4*r + 4 = 5*n - 9, 3*r + 3*n - t = 0. What are the prime factors of r?
7
Let q(y) = y**3 - 9*y**2 + 11*y - 60. List the prime factors of q(10).
2, 3, 5
Let p(l) = -l - 3. Let n be p(-5). Let d be (-8)/(4/n)*-6. Suppose 2*k - d = -0*k. List the prime factors of k.
2, 3
Let l = -7 + 8. Let h be 2 + (l - (3 + -5)). Suppose -h = -4*d + 3. List the prime factors of d.
2
Suppose 48 = p - 3*g, -3*g + 57 = -2*p + 138. List the prime factors of p.
3, 11
Suppose 5*t + 3*b + b = 164, 0 = 2*t - b - 63. List the prime factors of t.
2
Let l be (-17)/(-3) + 6/(-9). Let k = l - 1. Suppose -k*p = -8, 0 = -2*u + 3*u - 4*p - 5. List the prime factors of u.
13
Let i be 2 - (-2 - -2 - -1). Suppose -2*t + 17 = -5*m, -3*m - 15 = -0*t - 2*t. Let x = t + i. What are the prime factors of x?
7
Suppose 0 = -s - 2*q + 6*q, -5*s = 5*q - 25. Let c(f) = 7*f - f**2 - 6 - f + 1. List the prime factors of c(s).
